se 16.
-12
Convert b3 (base 15) to base 16.
a8
Convert 0 (base 9) to base 15.
0
Convert 100000 (base 2) to base 15.
22
2 (base 4) to base 13
2
Convert 14 (base 7) to base 3.
102
2a (base 14) to base 8
46
41 (base 5) to base 4
111
What is 1 (base 10) in base 7?
1
What is -b (base 15) in base 12?
-b
Convert -24 (base 12) to base 7.
-40
What is 26 (base 12) in base 3?
1010
123 (base 4) to base 13
21
What is 18 (base 10) in base 14?
14
37 (base 8) to base 3
1011
2 (base 15) to base 5
2
0 (base 10) to base 11
0
-2 (base 6) to base 11
-2
9 (base 12) to base 14
9
What is -115 (base 11) in base 12?
-b5
What is -2 (base 7) in base 5?
-2
Convert 4 (base 7) to base 15.
4
-25 (base 15) to base 2
-100011
13 (base 7) to base 15
a
What is 0 (base 6) in base 8?
0
What is 525 (base 6) in base 8?
305
Convert -1 (base 3) to base 16.
-1
45 (base 7) to base 3
1020
-133 (base 4) to base 12
-27
311 (base 9) to base 8
375
-3 (base 10) to base 5
-3
What is 0 (base 11) in base 14?
0
Convert 0 (base 12) to base 11.
0
3 (base 12) to base 16
3
What is -2 (base 14) in base 10?
-2
What is 4 (base 8) in base 16?
4
Convert -1 (base 2) to base 14.
-1
Convert 310 (base 7) to base 15.
a4
Convert -35 (base 9) to base 3.
-1012
What is 0 (base 11) in base 5?
0
What is 0 (base 11) in base 13?
0
Convert 1b (base 16) to base 9.
30
Convert -22 (base 3) to base 2.
-1000
What is 55 (base 8) in base 9?
50
10 (base 2) to base 3
2
101 (base 3) to base 9
11
-61 (base 10) to base 13
-49
What is -150 (base 8) in base 3?
-10212
What is 33 (base 5) in base 6?
30
Convert 10 (base 2) to base 4.
2
What is 2 (base 6) in base 11?
2
-11 (base 9) to base 6
-14
What is 121 (base 3) in base 4?
100
Convert 8 (base 10) to base 6.
12
-13 (base 15) to base 5
-33
Convert -231 (base 7) to base 16.
-78
What is -1 (base 14) in base 11?
-1
Convert -1 (base 16) to base 13.
-1
1 (base 16) to base 11
1
What is -3 (base 5) in base 7?
-3
Convert 10011 (base 2) to base 15.
14
Convert 330 (base 6) to base 4.
1332
85 (base 9) to base 13
5c
39 (base 15) to base 16
36
Convert -2 (base 16) to base 8.
-2
Convert -2 (base 15) to base 16.
-2
-2 (base 9) to base 2
-10
421 (base 5) to base 13
87
What is 0 (base 7) in base 11?
0
Convert -2012 (base 3) to base 4.
-323
Convert -101000100 (base 2) to base 12.
-230
Convert 3 (base 7) to base 9.
3
What is -42 (base 9) in base 5?
-123
Convert -11 (base 3) to base 8.
-4
What is -1101 (base 5) in base 7?
-304
What is 83 (base 10) in base 12?
6b
-b (base 14) to base 7
-14
What is 33 (base 8) in base 5?
102
What is -20 (base 8) in base 14?
-12
Convert -110 (base 3) to base 10.
-12
What is 220 (base 3) in base 5?
44
1d (base 16) to base 3
1002
Convert 2a (base 11) to base 4.
200
What is 1 (base 6) in base 8?
1
Convert -410 (base 7) to base 15.
-d8
What is 2 (base 6) in base 15?
2
Convert 5 (base 6) to base 3.
12
2 (base 14) to base 6
2
Convert 46 (base 13) to base 15.
3d
Convert -1 (base 11) to base 8.
-1
What is -78 (base 11) in base 15?
-5a
What is 7 (base 9) in base 11?
7
What is 0 (base 9) in base 11?
0
-7 (base 9) to base 2
-111
Convert 1a (base 12) to base 8.
26
What is -13 (base 7) in base 14?
-a
21 (base 3) to base 5
12
-9 (base 13) to base 7
-12
a (base 15) to base 8
12
Convert -3 (base 5) to base 16.
-3
Convert -4 (base 10) to base 2.
-100
What is 2 (base 6) in base 5?
2
Convert 33 (base 14) to base 7.
63
52 (base 15) to base 11
70
Convert -98 (base 14) to base 10.
-134
Convert -34 (base 11) to base 9.
-41
-52 (base 12) to base 7
-116
-167 (base 9) to base 5
-1032
What is a (base 14) in base 3?
101
0 (base 2) to base 11
0
Convert 32 (base 4) to base 11.
13
102 (base 14) to base 3
21100
Convert -22 (base 3) to base 14.
-8
Convert 2d (base 16) to base 6.
113
Convert -14 (base 14) to base 16.
-12
24 (base 5) to base 4
32
1011011 (base 2) to base 8
133
5 (base 6) to base 15
5
Convert 14 (base 12) to base 6.
24
Convert 7 (base 9) to base 14.
7
What is 29 (base 13) in base 5?
120
Convert -20 (base 4) to base 14.
-8
101 (base 3) to base 11
a
What is 2 (base 10) in base 9?
2
Convert 8 (base 9) to base 12.
8
Convert -1033 (base 5) to base 15.
-98
Convert -6 (base 11) to base 16.
-6
2111 (base 3) to base 15
47
Convert -4 (base 10) to base 12.
-4
4 (base 5) to base 11
4
-16 (base 11) to base 9
-18
2 (base 15) to base 8
2
-106 (base 13) to base 8
-257
Convert -35 (base 7) to base 9.
-28
6 (base 9) to base 12
6
Convert -1 (base 3) to base 6.
-1
What is 4 (base 15) in base 13?
4
Convert -2 (base 8) to base 11.
-2
-24 (base 5) to base 3
-112
What is 23 (base 8) in base 16?
13
Convert 1b (base 16) to base 13.
21
-6 (base 16) to base 13
-6
Convert -21 (base 10) to base 2.
-10101
-7 (base 13) to base 9
-7
-5 (base 8) to base 9
-5
1 (base 16) to base 13
1
Convert -11 (base 9) to base 7.
-13
Convert -15 (base 15) to base 9.
-22
What is 24 (base 14) in base 13?
26
Convert -5 (base 15) to base 9.
-5
10000 (base 2) to base 6
24
What is -24 (base 11) in base 5?
-101
0 (base 14) to base 8
0
-25 (base 8) to base 2
-10101
What is 100122 (base 3) in base 13?
170
Convert -255 (base 6) to base 12.
-8b
-1 (base 5) to base 4
-1
Convert 1dd (base 14) to base 2.
110000111
-50 (base 10) to base 16
-32
Convert 98 (base 12) to base 8.
164
Convert 8 (base 12) to base 3.
22
What is 1001101 (base 2) in base 10?
77
Convert -1110000 (base 2) to base 12.
-94
What is -9a (base 16) in base 10?
-154
Convert -15 (base 16) to base 12.
-19
Convert 22 (base 5) to base 15.
c
3b (base 15) to base 7
110
-202 (base 4) to base 7
-46
-1f (base 16) to base 2
-11111
Convert -102 (base 3) to base 2.
-1011
71 (base 13) to base 5
332
What is 103 (base 5) in base 9?
31
8 (base 14) to base 13
8
Convert -3 (base 10) to base 11.
-3
1 (base 16) to base 8
1
What is -12 (base 7) in base 13?
-9
-1 (base 3) to base 16
-1
-5 (base 8) to base 2
-101
What is -119 (base 13) in base 12?
-13b
-15 (base 15) to base 3
-202
What is a (base 12) in base 8?
12
Convert 17 (base 14) to base 10.
21
-11 (base 16) to base 2
-10001
-11 (base 3) to base 14
-4
Convert 0 (base 4) to base 13.
0
1 (base 16) to base 12
1
Convert 10 (base 6) to base 14.
6
Convert -2 (base 6) to base 3.
-2
4 (base 5) to base 9
4
53 (base 7) to base 3
1102
Convert 0 (base 6) to base 5.
0
-3c (base 16) to base 8
-74
Convert -110202 (base 3) to base 5.
-2334
What is 3 (base 13) in base 4?
3
73 (base 11) to base 3
2222
1 (base 10) to base 7
1
What is 11 (base 12) in base 8?
15
What is 0 (base 6) in base 13?
0
Convert c (base 15) to base 5.
22
Convert -97 (base 15) to base 2.
-10001110
What is 110 (base 9) in base 7?
156
10112 (base 3) to base 11
87
Convert -109 (base 10) to base 13.
-85
19 (base 13) to base 14
18
What is -1a1 (base 11) in base 14?
-128
What is -3 (base 6) in base 16?
-3
Convert -3 (base 8) to base 4.
-3
What is -1230 (base 4) in base 7?
-213
Convert 3 (base 4) to base 11.
3
Convert 1 (base 5) to base 6.
1
-1 (base 5) to base 11
-1
Convert 100 (base 3) to base 7.
12
Convert -15 (base 7) to base 2.
-1100
What is -19 (base 13) in base 16?
-16
What is -9 (base 16) in base 6?
-13
4 (base 13) to base 14
4
Convert -6 (base 13) to base 12.
-6
Convert -44 (base 10) to base 6.
-112
Convert 6a (base 11) to base 15.
51
What is 135 (base 7) in base 16?
4b
111 (base 11) to base 13
a3
Convert 2 (base 9) to base 2.
10
1d7 (base 15) to base 8
653
Convert 3 (base 16) to base 12.
3
Convert 1002 (base 3) to base 12.
25
Convert -463 (base 7) to base 5.
-1431
4 (base 8) to base 13
4
What is -b (base 13) in base 2?
-1011
What is -3 (base 7) in base 9?
-3
What is 1 (base 8) in base 3?
1
202 (base 11) to base 10
244
What is 331 (base 4) in base 14?
45
What is 91 (base 15) in base 5?
1021
What is 0 (base 3) in base 14?
0
Convert 4 (base 16) to base 2.
100
What is -10101011 (base 2) in base 7?
-333
What is -5 (base 16) in base 3?
-12
What is -122 (base 5) in base 10?
-37
Convert 43 (base 13) to base 9.
61
Convert -4b (base 12) to base 7.
-113
What is 7 (base 8) in base 5?
12
Convert 104 (base 7) to base 15.
38
What is 1 (base 9) in base 4?
1
What is 10000110 (base 2) in base 5?
1014
a (base 15) to base 10
10
What is -1 (base 10) in base 12?
-1
221 (base 4) to base 8
51
What is 1 (base 11) in base 8?
1
Convert -10 (base 12) to base 6.
-20
What is -220 (base 3) in base 10?
-24
78 (base 12) to base 4
11